ivided by 26.
25
What is the remainder when 49744 is divided by 742?
30
What is the remainder when 19553 is divided by 163?
156
Calculate the remainder when 104465 is divided by 533.
530
What is the remainder when 460120 is divided by 379?
14
What is the remainder when 5887 is divided by 95?
92
What is the remainder when 596 is divided by 84?
8
Calculate the remainder when 46723 is divided by 3593.
14
What is the remainder when 128655 is divided by 1462?
1461
What is the remainder when 336 is divided by 51?
30
What is the remainder when 125390 is divided by 25077?
5
Calculate the remainder when 1636 is divided by 258.
88
Calculate the remainder when 1360578 is divided by 469.
9
What is the remainder when 23234 is divided by 5789?
78
What is the remainder when 16550 is divided by 267?
263
Calculate the remainder when 1583950 is divided by 395.
0
Calculate the remainder when 4497 is divided by 751.
742
Calculate the remainder when 13634 is divided by 13623.
11
Calculate the remainder when 1115255 is divided by 3.
2
What is the remainder when 2351 is divided by 1169?
13
Calculate the remainder when 2479 is divided by 193.
163
What is the remainder when 79131 is divided by 26355?
66
What is the remainder when 134619 is divided by 19231?
2
Calculate the remainder when 181686 is divided by 54.
30
What is the remainder when 97514 is divided by 3?
2
What is the remainder when 107150 is divided by 107054?
96
What is the remainder when 30336 is divided by 40?
16
What is the remainder when 40435 is divided by 20217?
1
What is the remainder when 3639 is divided by 1101?
336
Calculate the remainder when 8337 is divided by 754.
43
What is the remainder when 730 is divided by 218?
76
Calculate the remainder when 1049 is divided by 94.
15
What is the remainder when 10059 is divided by 7?
0
Calculate the remainder when 90597 is divided by 90530.
67
What is the remainder when 4060 is divided by 21?
7
What is the remainder when 114118 is divided by 12?
10
Calculate the remainder when 6881 is divided by 238.
217
What is the remainder when 329402 is divided by 4223?
8
What is the remainder when 928185 is divided by 171?
168
What is the remainder when 3692 is divided by 3652?
40
Calculate the remainder when 1854937 is divided by 20.
17
Calculate the remainder when 2716 is divided by 179.
31
Calculate the remainder when 13899 is divided by 131.
13
What is the remainder when 10321 is divided by 10306?
15
What is the remainder when 902966 is divided by 79?
75
What is the remainder when 98148 is divided by 18?
12
What is the remainder when 6366 is divided by 706?
12
Calculate the remainder when 105003 is divided by 258.
255
What is the remainder when 999206 is divided by 196?
194
What is the remainder when 1150539 is divided by 479?
460
What is the remainder when 5249 is divided by 135?
119
What is the remainder when 3318 is divided by 1271?
776
What is the remainder when 883999 is divided by 272?
271
Calculate the remainder when 23320 is divided by 291.
40
What is the remainder when 576 is divided by 314?
262
What is the remainder when 1475 is divided by 296?
291
Calculate the remainder when 9824 is divided by 266.
248
What is the remainder when 1546421 is divided by 88?
85
What is the remainder when 475 is divided by 328?
147
What is the remainder when 88572 is divided by 55?
22
What is the remainder when 1033052 is divided by 40?
12
Calculate the remainder when 20354 is divided by 9.
5
What is the remainder when 18047 is divided by 47?
46
Calculate the remainder when 3201 is divided by 15.
6
What is the remainder when 218769 is divided by 41?
34
Calculate the remainder when 188308 is divided by 62747.
67
What is the remainder when 36310 is divided by 136?
134
Calculate the remainder when 17511 is divided by 33.
21
Calculate the remainder when 26636547 is divided by 717.
714
Calculate the remainder when 111781 is divided by 771.
757
What is the remainder when 27307 is divided by 46?
29
Calculate the remainder when 47415 is divided by 7.
4
What is the remainder when 87154 is divided by 18?
16
Calculate the remainder when 141234 is divided by 36.
6
Calculate the remainder when 10221 is divided by 293.
259
What is the remainder when 17388 is divided by 789?
30
Calculate the remainder when 102869 is divided by 27.
26
What is the remainder when 42635 is divided by 6090?
5
What is the remainder when 6938 is divided by 496?
490
What is the remainder when 3300 is divided by 273?
24
Calculate the remainder when 2680 is divided by 154.
62
Calculate the remainder when 8479 is divided by 292.
11
Calculate the remainder when 3177 is divided by 1021.
114
What is the remainder when 15823 is divided by 638?
511
What is the remainder when 5358 is divided by 5148?
210
What is the remainder when 14811 is divided by 23?
22
Calculate the remainder when 97061 is divided by 413.
6
What is the remainder when 10299 is divided by 1147?
1123
What is the remainder when 24217 is divided by 540?
457
Calculate the remainder when 78100 is divided by 514.
486
Calculate the remainder when 292 is divided by 4.
0
Calculate the remainder when 1071 is divided by 22.
15
Calculate the remainder when 85007 is divided by 552.
551
What is the remainder when 26926 is divided by 870?
826
Calculate the remainder when 6892 is divided by 3427.
38
Calculate the remainder when 35509 is divided by 82.
3
What is the remainder when 3851 is divided by 247?
146
What is the remainder when 47800 is divided by 1017?
1
Calculate the remainder when 3918 is divided by 523.
257
What is the remainder when 20401 is divided by 1454?
45
What is the remainder when 13512 is divided by 1039?
5
Calculate the remainder when 8269 is divided by 202.
189
Calculate the remainder when 85 is divided by 43.
42
What is the remainder when 3384 is divided by 856?
816
Calculate the remainder when 23781 is divided by 12.
9
Calculate the remainder when 129145 is divided by 210.
205
Calculate the remainder when 1602 is divided by 622.
358
What is the remainder when 6936 is divided by 210?
6
What is the remainder when 30111 is divided by 144?
15
Calculate the remainder when 4121 is divided by 1471.
1179
What is the remainder when 1976 is divided by 33?
29
Calculate the remainder when 12683 is divided by 1153.
0
Calculate the remainder when 66213 is divided by 308.
301
Calculate the remainder when 570940 is divided by 194.
192
What is the remainder when 2569 is divided by 2008?
561
What is the remainder when 2604112 is divided by 5?
2
What is the remainder when 19387 is divided by 1217?
1132
What is the remainder when 24422 is divided by 71?
69
Calculate the remainder when 9590 is divided by 798.
14
What is the remainder when 1796 is divided by 264?
212
Calculate the remainder when 5773 is divided by 81.
22
Calculate the remainder when 6595 is divided by 30.
25
What is the remainder when 792790 is divided by 132?
130
What is the remainder when 7321 is divided by 1891?
1648
What is the remainder when 36918 is divided by 1757?
21
What is the remainder when 103 is divided by 46?
11
What is the remainder when 3265 is divided by 116?
17
Calculate the remainder when 1356 is divided by 36.
24
What is the remainder when 360000 is divided by 3956?
4
What is the remainder when 10191 is divided by 28?
27
What is the remainder when 1088765 is divided by 362918?
11
What is the remainder when 5851949 is divided by 390?
389
Calculate the remainder when 13817 is divided by 32.
25
What is the remainder when 4904 is divided by 293?
216
What is the remainder when 11147 is divided by 142?
71
What is the remainder when 41117 is divided by 178?
177
Calculate the remainder when 259 is divided by 210.
49
What is the remainder when 577 is divided by 135?
37
What is the remainder when 1251 is divided by 4?
3
Calculate the remainder when 1303625 is divided by 33.
26
What is the remainder when 423687 is divided by 97?
88
What is the remainder when 702 is divided by 675?
27
What is the remainder when 10915 is divided by 126?
79
What is the remainder when 3444 is divided by 378?
42
What is the remainder when 11360 is divided by 206?
30
What is the remainder when 2015 is divided by 598?
221
What is the remainder when 7822 is divided by 135?
127
What is the remainder when 10541 